{"id":1471,"date":"2020-01-24T08:16:32","date_gmt":"2020-01-24T06:16:32","guid":{"rendered":"https:\/\/www.simpal.fi\/?post_type=product&#038;p=1471"},"modified":"2025-09-04T08:08:05","modified_gmt":"2025-09-04T06:08:05","slug":"wsd-049-f","status":"publish","type":"product","link":"https:\/\/www.simpal.fi\/index.php\/tuote\/wsd-049-f\/","title":{"rendered":"SimPal WSD-049-F, langaton palovaroitin"},"content":{"rendered":"<p><strong>SimPal WSD-049-F<\/strong> on langaton palovaroitin, joka toimii SimPal-T40\/G4\/G312\/G212\/W230\/W240 mallien kanssa. Palovaroittimen avulla SimPal tuote saadaa laajennettua 24\/7 paloilmoituslaitteeksi kaikkiin valvottaviin kiinteist\u00f6kohteisiin, joka l\u00e4hett\u00e4\u00e4 h\u00e4lytyksest\u00e4 SMS-tekstiviestin ja\/tai puhelinsoiton.<\/p>\n<p>Palovaroittimen toiminta perustuu valos\u00e4hk\u00f6iseen tunnistukseen, joten se reagoi nopeasti kytev\u00e4\u00e4n tuleen ja tunnistaa sek\u00e4 n\u00e4kyv\u00e4n ett\u00e4 n\u00e4kym\u00e4tt\u00f6m\u00e4n savun.<\/p>\n<p>Paristoilla toimivaa laitetta voidaan k\u00e4ytt\u00e4\u00e4 my\u00f6s itsen\u00e4isen\u00e4 palovaroittimena ilman kytkent\u00e4\u00e4 h\u00e4lytinlaitteeseen tai -j\u00e4rjestelm\u00e4\u00e4n. Varoitin on varustettu lis\u00e4ksi testipaikikkeella ja se varoittaa pariston matalasta j\u00e4nnitetasosta. Tuotepakkauksen sis\u00e4lt\u00f6: palovaroitin, 2x paristot, kiinnityslevy, sein\u00e4kiinnitysruuvit ja asennusohje (english).<\/p>\n<p><strong>Tekniset tiedot:<\/strong><br \/>\n\u2022 Anturi: Valos\u00e4hk\u00f6inen infrapunatunnistin<br \/>\n\u2022 Tunnistusalue: 80m2 (asennuskorkeus 6-12m), 60m2 (asennuskorkeus &lt;6m)<br \/>\n\u2022 Langaton tiedonsiirto: 433MHz (FSK)<br \/>\n\u2022 Kantomatka: 100m (avoin tila)<br \/>\n\u2022 Alhaisen patterij\u00e4nnitteen varoitustoiminto<br \/>\n\u2022 Automaattinen toimitilannnan tarkistustoiminto<br \/>\n\u2022 MCU prosessointi, eliminoi v\u00e4\u00e4r\u00e4t h\u00e4lytykset<br \/>\n\u2022 P\u00f6lytiivis, \u00f6t\u00f6kk\u00e4suojattu ja valoh\u00e4iri\u00f6ilt\u00e4 estettu muotoilu<br \/>\n\u2022 1x LED merkkivalo<br \/>\n\u2022 K\u00e4ytt\u00f6j\u00e4nnite: 3VDC (2x 1.5VDC AA-patteri)<br \/>\n\u2022 H\u00e4lytys\u00e4\u00e4nen voimakkuus: 85dB\/3m<br \/>\n\u2022 Kattokiinnitys<br \/>\n\u2022 K\u00e4ytt\u00f6l\u00e4mp\u00f6tila-alue: -10&#8230;+50C<br \/>\n\u2022 Mitat: 100x50mm<br \/>\n\u2022 CE-hyv\u00e4ksytty (EN 14604), UL-217, GB4715-2005<\/p>\n<p><strong>Lis\u00e4tietolinkit:<\/strong><\/p>\n<ul>\n<li><a href=\"https:\/\/www.simpal.cn\/products\/25-Wireless-Smoke-Detector.html\" target=\"_blank\" rel=\"noopener noreferrer\">Valmistajan\u00a0 tuotesivu<\/a><\/li>\n<li><a href=\"https:\/\/drive.microdata.fi\/pdf\/SimPal\/SimPal-WSD-049-F_manual.pdf\" target=\"_blank\" rel=\"noopener noreferrer\">Lataa k\u00e4sikirja \/ asennusohje<\/a><\/li>\n<\/ul>\n","protected":false},"excerpt":{"rendered":"<p><strong>SimPal WSD-049-F<\/strong> on langaton palovaroitin SimPal h\u00e4lyttimiin.<\/p>\n","protected":false},"featured_media":1472,"comment_status":"open","ping_status":"closed","template":"","meta":{"om_disable_all_campaigns":false,"_monsterinsights_skip_tracking":false,"_monsterinsights_sitenote_active":false,"_monsterinsights_sitenote_note":"","_monsterinsights_sitenote_category":0,"_uf_show_specific_survey":0,"_uf_disable_surveys":false},"product_brand":[92],"product_cat":[48,15],"product_tag":[],"class_list":{"0":"post-1471","1":"product","2":"type-product","3":"status-publish","4":"has-post-thumbnail","6":"product_brand-simpal","7":"product_cat-lisaanturit","8":"product_cat-tuotteet","10":"first","11":"instock","12":"taxable","13":"shipping-taxable","14":"product-type-simple"},"aioseo_notices":[],"_links":{"self":[{"href":"https:\/\/www.simpal.fi\/index.php\/wp-json\/wp\/v2\/product\/1471","targetHints":{"allow":["GET"]}}],"collection":[{"href":"https:\/\/www.simpal.fi\/index.php\/wp-json\/wp\/v2\/product"}],"about":[{"href":"https:\/\/www.simpal.fi\/index.php\/wp-json\/wp\/v2\/types\/product"}],"replies":[{"embeddable":true,"href":"https:\/\/www.simpal.fi\/index.php\/wp-json\/wp\/v2\/comments?post=1471"}],"wp:featuredmedia":[{"embeddable":true,"href":"https:\/\/www.simpal.fi\/index.php\/wp-json\/wp\/v2\/media\/1472"}],"wp:attachment":[{"href":"https:\/\/www.simpal.fi\/index.php\/wp-json\/wp\/v2\/media?parent=1471"}],"wp:term":[{"taxonomy":"product_brand","embeddable":true,"href":"https:\/\/www.simpal.fi\/index.php\/wp-json\/wp\/v2\/product_brand?post=1471"},{"taxonomy":"product_cat","embeddable":true,"href":"https:\/\/www.simpal.fi\/index.php\/wp-json\/wp\/v2\/product_cat?post=1471"},{"taxonomy":"product_tag","embeddable":true,"href":"https:\/\/www.simpal.fi\/index.php\/wp-json\/wp\/v2\/product_tag?post=1471"}],"curies":[{"name":"wp","href":"https:\/\/api.w.org\/{rel}","templated":true}]}}