{"id":2456,"date":"2022-02-15T16:47:25","date_gmt":"2022-02-15T14:47:25","guid":{"rendered":"https:\/\/www.simpal.fi\/?post_type=product&#038;p=2456"},"modified":"2025-09-04T08:08:04","modified_gmt":"2025-09-04T06:08:04","slug":"simpal-w220","status":"publish","type":"product","link":"https:\/\/www.simpal.fi\/index.php\/tuote\/simpal-w220\/","title":{"rendered":"SimPal-W220, WiFi \u00e4lypistorasia \/ l\u00e4mp\u00f6tilavahti energianmittausominaisuuksilla"},"content":{"rendered":"<p><strong>SimPal W220-F<\/strong> on et\u00e4ohjattava \u00e4lypistorasia energianmittausominaisuuksilla ja on suunniteltu s\u00e4hk\u00f6laitteiden k\u00e4ynnist\u00e4miseen sek\u00e4 poiskytkemiseen WiFi-verkon ja internetin v\u00e4lityksell\u00e4. Laitteen ohjaama verkkovirta saadaan kytketty\u00e4 puhelimen mobiilisovelluksella (ilmainen pilvipalvelu) ja se soveltuu kaiken tyyppisten s\u00e4hk\u00f6laitteiden (max. 16A) ohjaamiseen sek\u00e4 virrankulutuksen mittaamiseen.<\/p>\n<p>Tuotepakkauksen mukana toimitetaan l\u00e4mp\u00f6tila-anturi, joten laite soveltuu automaattisiin l\u00e4mmitysten seurantaan ja ohjaukseen niin kotona, toimistossa, autotallissa kuin kes\u00e4m\u00f6kill\u00e4.<\/p>\n<p>SimPal W220-F \u00e4lypistorasia on turvallinen. Laite noudattaa kaikkia CE-hyv\u00e4ksynn\u00e4n vaatimia turvallisuusm\u00e4\u00e4r\u00e4yksi\u00e4 ja sen kuoret on valmistettu palamattomasta muovimateriasta.<\/p>\n<p><strong>SimPal W220-F k\u00e4ytt\u00f6kohteita:<\/strong><br \/>\n\u2022 S\u00e4hk\u00f6nkulutuksen mittaaminen<br \/>\n\u2022 L\u00e4mmityksen, ilmastoinnin et\u00e4k\u00e4ynnistys<br \/>\n\u2022 IT-laitteen uudelleenk\u00e4ynnistys &#8221;reboot&#8221;<br \/>\n\u2022 Auton l\u00e4mmityksen et\u00e4k\u00e4ynnistys<br \/>\n\u2022 Valaistuksen et\u00e4k\u00e4ynnistys<br \/>\n\u2022 H\u00e4lyttimen, automaatiolaitteen et\u00e4k\u00e4ynnistys<br \/>\n\u2022 jne&#8230;<\/p>\n<p><strong>Tekniset tiedot:<\/strong><br \/>\n\u2022 WiFi standardit: 802.11 b\/g\/n @ 2.4GHz<br \/>\n\u2022 Jatkuva kytkent\u00e4teho: 16A @ 230VAC (3500W)<br \/>\n\u2022 Pistorasian tyyppi: Schuko<br \/>\n\u2022 K\u00e4ytt\u00f6j\u00e4nnite: 110&#8230;230VAC<br \/>\n\u2022 Virrankulutus: 20mA<br \/>\n\u2022 L\u00e4mp\u00f6tila-anturin mittausalue: -10&#8230;+50C<br \/>\n\u2022 Merkki-LED: Power ja WiFi<br \/>\n\u2022 Mitat: 125x60x80mm<br \/>\n\u2022 EAN-viivakoodi: 6948967990443<br \/>\n\u2022 S\u00e4hk\u00f6numero: 2817809<br \/>\n\u2022 CE-hyv\u00e4ksytty<\/p>\n<p><strong>Tuotepakkauksen sis\u00e4lt\u00f6:<\/strong><br \/>\n\u2022 SimPal W220-F keskusyksikk\u00f6<br \/>\n\u2022 Ulkoinen l\u00e4mp\u00f6tila-anturi<br \/>\n\u2022 Englanninkielinen k\u00e4sikirja<\/p>\n<p><strong>Lis\u00e4tietolinkit:<\/strong><\/p>\n<ul>\n<li><a href=\"https:\/\/www.simpal.cn\/products\/39-SimPal-W220-WiFi-Socket.html\" target=\"_blank\" rel=\"noopener noreferrer\">Valmistajan tuotesivu<\/a><\/li>\n<li><a href=\"https:\/\/drive.microdata.fi\/pdf\/SimPal\/SimPal-W220_datasheet.pdf\" target=\"_blank\" rel=\"noopener noreferrer\">Tuote-esite<\/a><\/li>\n<li><a href=\"https:\/\/drive.microdata.fi\/pdf\/SimPal\/SimPal-W220_manual.pdf\" target=\"_blank\" rel=\"noopener noreferrer\">K\u00e4sikirja (english)<\/a><\/li>\n<li><a href=\"https:\/\/drive.microdata.fi\/pdf\/SimPal\/SimPal-W220_kasikirja.pdf\">Suomenkielinen k\u00e4sikirja<\/a><\/li>\n<li><a href=\"https:\/\/www.sahkonumerot.fi\/2817809\/\" target=\"_blank\" rel=\"noopener noreferrer\">S\u00e4hk\u00f6numero<\/a><\/li>\n<li><a href=\"https:\/\/mailchi.mp\/microdata\/simpal-w230-wifi-pistorasia\" target=\"_blank\" rel=\"noopener noreferrer\">Tiedote<\/a><\/li>\n<\/ul>\n","protected":false},"excerpt":{"rendered":"<p><strong>SimPal W220-F<\/strong> on et\u00e4ohjattava \u00e4lypistorasia virrankulutuksen mittausominaisuuksilla, joka on suunniteltu s\u00e4hk\u00f6laitteiden et\u00e4ohjaamiseen langattoman WiFi-verkon ja internetin v\u00e4lityksell\u00e4.<\/p>\n","protected":false},"featured_media":1400,"comment_status":"open","ping_status":"closed","template":"","meta":{"om_disable_all_campaigns":false,"_monsterinsights_skip_tracking":false,"_monsterinsights_sitenote_active":false,"_monsterinsights_sitenote_note":"","_monsterinsights_sitenote_category":0,"_uf_show_specific_survey":0,"_uf_disable_surveys":false},"product_brand":[92],"product_cat":[17,35,15],"product_tag":[82,81,51,66,65],"class_list":{"0":"post-2456","1":"product","2":"type-product","3":"status-publish","4":"has-post-thumbnail","6":"product_brand-simpal","7":"product_cat-pistorasiat","8":"product_cat-slider","9":"product_cat-tuotteet","10":"product_tag-evergianmittaus","11":"product_tag-simpal-w220","12":"product_tag-tuta","13":"product_tag-wifi-lampotilavahti","14":"product_tag-wifi-pistorasia","16":"first","17":"instock","18":"taxable","19":"shipping-taxable","20":"product-type-simple"},"aioseo_notices":[],"_links":{"self":[{"href":"https:\/\/www.simpal.fi\/index.php\/wp-json\/wp\/v2\/product\/2456","targetHints":{"allow":["GET"]}}],"collection":[{"href":"https:\/\/www.simpal.fi\/index.php\/wp-json\/wp\/v2\/product"}],"about":[{"href":"https:\/\/www.simpal.fi\/index.php\/wp-json\/wp\/v2\/types\/product"}],"replies":[{"embeddable":true,"href":"https:\/\/www.simpal.fi\/index.php\/wp-json\/wp\/v2\/comments?post=2456"}],"wp:featuredmedia":[{"embeddable":true,"href":"https:\/\/www.simpal.fi\/index.php\/wp-json\/wp\/v2\/media\/1400"}],"wp:attachment":[{"href":"https:\/\/www.simpal.fi\/index.php\/wp-json\/wp\/v2\/media?parent=2456"}],"wp:term":[{"taxonomy":"product_brand","embeddable":true,"href":"https:\/\/www.simpal.fi\/index.php\/wp-json\/wp\/v2\/product_brand?post=2456"},{"taxonomy":"product_cat","embeddable":true,"href":"https:\/\/www.simpal.fi\/index.php\/wp-json\/wp\/v2\/product_cat?post=2456"},{"taxonomy":"product_tag","embeddable":true,"href":"https:\/\/www.simpal.fi\/index.php\/wp-json\/wp\/v2\/product_tag?post=2456"}],"curies":[{"name":"wp","href":"https:\/\/api.w.org\/{rel}","templated":true}]}}