{"id":3489,"date":"2023-10-03T14:21:39","date_gmt":"2023-10-03T12:21:39","guid":{"rendered":"https:\/\/www.simpal.fi\/?post_type=product&#038;p=3489"},"modified":"2025-09-04T08:08:03","modified_gmt":"2025-09-04T06:08:03","slug":"simpal-g400","status":"publish","type":"product","link":"https:\/\/www.simpal.fi\/index.php\/tuote\/simpal-g400\/","title":{"rendered":"SimPal-G400, 4G-valvontakamera"},"content":{"rendered":"<p><strong>SimPal-G400<\/strong> on sis\u00e4tiloihin asennettava 4G-valvontakamera, jossa on monipuoliset h\u00e4lytysominaisuudet. Laitteessa on sis\u00e4\u00e4nrakennettu PIR-liiketunnistin, mikrofoni, digitaalinen kamera (HD), 4G\/3G\/GSM-ominaisuudet (SIM-korttipaikka) sek\u00e4 LED-y\u00f6valaistus. Uudistuneessa G400-mallissa on ulkoisen l\u00e4mp\u00f6tilaanturin sek\u00e4 irrotettava mobiiliantennin lis\u00e4ksi WiFi Hotspot-toiminto, joka mahdollistaa muiden WiFi IoT-laitteiden (max. 7x) internet-yhteydet.<\/p>\n<p>Laitteeseen on esiasennettu suomalaisten matkapuhelinoperaattorien MMS- sek\u00e4 internet-asetukset, jotka aktivoituvat automaattisesti, joten k\u00e4ytt\u00f6\u00f6notto on vaivatonta.<\/p>\n<p>SimPal-G400 h\u00e4lyttimen toimitila (h\u00e4lytystila p\u00e4\u00e4lle\/pois) saadaan vaihdettua mukana toimitettavilla kauko-ohjaimilla, SMS-viesteill\u00e4 tai Android\/iOS mobiilisovelluksella. H\u00e4lytystilanteessa laite l\u00e4hett\u00e4\u00e4 h\u00e4lytystiedon SMS-tekstiviestill\u00e4, GSM-puhelinsoitolla sek\u00e4 l\u00e4hett\u00e4\u00e4 kuvan\/kuvasarjan MMS-viestin\u00e4 tai s\u00e4hk\u00f6postitse m\u00e4\u00e4riteltyihin puhelinnumeroihin sek\u00e4 s\u00e4hk\u00f6postiosoitteisiin.<\/p>\n<p>SimPal-G400 sopii valvontalaitteeksi asuntoon, kes\u00e4m\u00f6kille, veneeseen, asuntoautoon\/vaunuun, toimistoon, tehtaalle, tuotantolaitokseen, kioskiin, kauppaan, ravintolaan, autotalliin, varastoon, kellariin, vintille, teletilaan sek\u00e4 konehuoneeseen.<\/p>\n<p>Kauko-ohjaimessa on paniikki\/h\u00e4t\u00e4painike, joten se toimii my\u00f6s henkil\u00f6kohtaisena turvalaitteena. SimPal-G400 ilmoittaa my\u00f6s s\u00e4hk\u00f6katkoksista sek\u00e4 niiden palautumisesta SMS-tekstiviestill\u00e4.<\/p>\n<p>SimPal-G400 h\u00e4lytint\u00e4 voidaan laajentaa langattomilla lis\u00e4antureilla. Laite on yhteensopiva 433MHz taajuudella toimivien FSK-koodausta k\u00e4ytt\u00e4vien lis\u00e4antureiden kanssa, kuten liikkeentunnistimet (PIR), ovi- ja ikkuna-anturit, kaasu- ja savuh\u00e4lyttimet. SimPal-T20-V2 yksik\u00f6ll\u00e4 laitteen toimintaa voidaan laajentaa verkkovirran et\u00e4ohjaukseen, esim. kes\u00e4m\u00f6kin l\u00e4mmityksen ohjaamiseen.<\/p>\n<p>Myym\u00e4l\u00e4pakkauksen sis\u00e4lt\u00f6: SimPal-G400 keskusyksikk\u00f6, kiinnitysjalka, ulkoinen antenni, akku, l\u00e4mp\u00f6tila-anturi, ulkoinen virtal\u00e4hde\/laturi, k\u00e4sikirja (english).<\/p>\n<p>Tuotepakkauksen mukana toimitetaan Elisa Laitenetti SIM-kortti, jonka asiakas saa halutessaan helposti aktivoitua. Edullinen SIM-kortti on testattu SimPal G400 tuotteen kanssa toimivaksi eik\u00e4 my\u00f6sk\u00e4\u00e4n vanhene prepaid-liittymien tavoin. SIM-kortin pinkoodikysely on poistettu, joten sen k\u00e4ytt\u00f6\u00f6notto on mahdollisimman simppeli.<\/p>\n<p><strong>Tekniset tiedot:<\/strong><br \/>\n\u2022 4G-taajuusalueet:<br \/>\n&#8211; FDD: B1\/B3\/B5\/B7\/B8\/B20\/B28<br \/>\n&#8211; TDD: B38\/B40\/B41<br \/>\n\u2022 3G-taajuusalueet: B1\/B5\/B8<br \/>\n\u2022 2G\/GSM-taajuusalueet: 850\/900\/1800MHz<br \/>\n\u2022 Irroitettava LTE\/3G\/GSM-antenni: SMA-liitin<br \/>\n\u2022 Sis\u00e4\u00e4nrakennettu PIR-liiketunnistin<br \/>\n\u2022 L\u00e4mp\u00f6tila-anturi (3.5mm plugiliit\u00e4nt\u00e4)<br \/>\n\u2022 H\u00e4lytysmuodot: SMS, MMS, email, puhelinsoitto, summeri<br \/>\n\u2022 M\u00e4\u00e4ritelt\u00e4vien h\u00e4lytysnumeroiden m\u00e4\u00e4r\u00e4: 5x<br \/>\n\u2022 M\u00e4\u00e4ritelt\u00e4vien s\u00e4hk\u00f6postiosoitteiden m\u00e4\u00e4r\u00e4: 5x<br \/>\n\u2022 Kauko-ohjaimen toimintaet\u00e4isyys: 10-30m<br \/>\n\u2022 Kuvaformaatti: JPEG<br \/>\n\u2022 Kuvakennon tarkkuus: 5M<br \/>\n\u2022 Kuvatarkkuudet: 1280&#215;768, 640&#215;384, 320&#215;240<br \/>\n\u2022 Kameran kuvaussektori: 68 astetta<br \/>\n\u2022 LED-valojen m\u00e4\u00e4r\u00e4: 10x (valkoinen)<br \/>\n\u2022 Paras kuvauset\u00e4isyys pime\u00e4ss\u00e4: &lt;5m<br \/>\n\u2022 Paras kuunteluet\u00e4isyys: &lt;5m<br \/>\n\u2022 Kamerassa s\u00e4\u00e4dett\u00e4v\u00e4 niveljalka<br \/>\n\u2022 Langattomien lis\u00e4antureiden taajuusalue: 433MHz (FSK)<br \/>\n\u2022 Langattomien antureiden m\u00e4\u00e4r\u00e4: Max. 10 kpl<br \/>\n\u2022 Vaihdettava akku: 1500mAh (LiON)<br \/>\n\u2022 Akun valmiusaika: 8-12h (ei h\u00e4lytystila), 3-4h<br \/>\n(h\u00e4lytystilassa)<br \/>\n\u2022 Ulkoinen virtal\u00e4hde: 12VDC @ 1A<br \/>\n\u2022 Sein\u00e4\/katto\/p\u00f6yt\u00e4kiinnitett\u00e4v\u00e4<br \/>\n\u2022 V\u00e4ri valkoinen<br \/>\n\u2022 K\u00e4ytt\u00f6l\u00e4mp\u00f6tila: -10&#8230;+45C (sis\u00e4tilat)<br \/>\n\u2022 Mitat: 125x80x42mm<br \/>\n\u2022 CE-hyv\u00e4ksytty<\/p>\n<p><strong>Lis\u00e4tietolinkit:<\/strong><\/p>\n<ul>\n<li><a href=\"https:\/\/www.simpal.cn\/products\/49-4G-Alarm-Camera.html\" target=\"_blank\" rel=\"noopener noreferrer\">Valmistajan tuotesivu<\/a><\/li>\n<li><a href=\"https:\/\/drive.microdata.fi\/pdf\/SimPal\/SimPal-G400_datasheet.pdf\" target=\"_blank\" rel=\"noopener noreferrer\">Tuote-esite<\/a><\/li>\n<li><a href=\"https:\/\/drive.microdata.fi\/pdf\/SimPal\/SimPal-G400_manual.pdf\" target=\"_blank\" rel=\"noopener noreferrer\">K\u00e4sikirja \/ asennusohje (english)<\/a><\/li>\n<li><a href=\"https:\/\/drive.microdata.fi\/pdf\/SimPal\/SimPal-G400_kasikirja.pdf\" target=\"_blank\" rel=\"noopener noreferrer\">K\u00e4sikirja \/ asennusohje (suomi)<\/a><\/li>\n<li><a href=\"https:\/\/drive.microdata.fi\/Images\/hires\/SimPal\/SimPal-G4.jpg\" target=\"_blank\" rel=\"noopener noreferrer\">Tuotekuva (hires)<\/a><\/li>\n<\/ul>\n","protected":false},"excerpt":{"rendered":"<p><strong>SimPal G400<\/strong> on sis\u00e4tiloihin asennettava 4G-valvontakamera, jossa on monipuoliset h\u00e4lytysominaisuudet<\/p>\n","protected":false},"featured_media":3502,"comment_status":"open","ping_status":"closed","template":"","meta":{"om_disable_all_campaigns":false,"_monsterinsights_skip_tracking":false,"_monsterinsights_sitenote_active":false,"_monsterinsights_sitenote_note":"","_monsterinsights_sitenote_category":0,"_uf_show_specific_survey":0,"_uf_disable_surveys":false},"product_brand":[92],"product_cat":[19,15],"product_tag":[68,67,51,54],"class_list":{"0":"post-3489","1":"product","2":"type-product","3":"status-publish","4":"has-post-thumbnail","6":"product_brand-simpal","7":"product_cat-4g-valvontakamerat","8":"product_cat-tuotteet","9":"product_tag-3g-valvontakamera","10":"product_tag-simpal-g4","11":"product_tag-tuta","12":"product_tag-varashalytin","14":"first","15":"instock","16":"taxable","17":"shipping-taxable","18":"product-type-simple"},"aioseo_notices":[],"_links":{"self":[{"href":"https:\/\/www.simpal.fi\/index.php\/wp-json\/wp\/v2\/product\/3489","targetHints":{"allow":["GET"]}}],"collection":[{"href":"https:\/\/www.simpal.fi\/index.php\/wp-json\/wp\/v2\/product"}],"about":[{"href":"https:\/\/www.simpal.fi\/index.php\/wp-json\/wp\/v2\/types\/product"}],"replies":[{"embeddable":true,"href":"https:\/\/www.simpal.fi\/index.php\/wp-json\/wp\/v2\/comments?post=3489"}],"wp:featuredmedia":[{"embeddable":true,"href":"https:\/\/www.simpal.fi\/index.php\/wp-json\/wp\/v2\/media\/3502"}],"wp:attachment":[{"href":"https:\/\/www.simpal.fi\/index.php\/wp-json\/wp\/v2\/media?parent=3489"}],"wp:term":[{"taxonomy":"product_brand","embeddable":true,"href":"https:\/\/www.simpal.fi\/index.php\/wp-json\/wp\/v2\/product_brand?post=3489"},{"taxonomy":"product_cat","embeddable":true,"href":"https:\/\/www.simpal.fi\/index.php\/wp-json\/wp\/v2\/product_cat?post=3489"},{"taxonomy":"product_tag","embeddable":true,"href":"https:\/\/www.simpal.fi\/index.php\/wp-json\/wp\/v2\/product_tag?post=3489"}],"curies":[{"name":"wp","href":"https:\/\/api.w.org\/{rel}","templated":true}]}}