{"id":6065,"date":"2025-07-22T10:16:30","date_gmt":"2025-07-22T08:16:30","guid":{"rendered":"https:\/\/www.simpal.fi\/?post_type=product&#038;p=6065"},"modified":"2025-09-04T08:08:02","modified_gmt":"2025-09-04T06:08:02","slug":"simpal-s460","status":"publish","type":"product","link":"https:\/\/www.simpal.fi\/index.php\/tuote\/simpal-s460\/","title":{"rendered":"SimPal-S460, 4G LTE\/GSM-pistorasia energianmittaus ominaisuuksilla"},"content":{"rendered":"<p><strong>SimPal S460<\/strong> on 4G LTE\/GSM -yhteensopiva et\u00e4ohjattava pistorasia energiamittausominaisuuksilla, joka mahdollistaa s\u00e4hk\u00f6laitteiden ohjauksen sis\u00e4tiloissa tekstiviestill\u00e4, puhelinsoitolla tai mobiilisovelluksella. Se soveltuu erityisesti koteihin, m\u00f6keille, veneisiin ja teknisiin tiloihin, joissa s\u00e4hk\u00f6\u00e4 halutaan hallita et\u00e4n\u00e4 tehokkaasti ja turvallisesti.<\/p>\n<p>SimPal S460 tukee jopa viitt\u00e4 langatonta anturia (esim. ovi-, liike-, vesivuoto- ja savuantureita), mik\u00e4 laajentaa sen k\u00e4ytt\u00f6mahdollisuuksia esimerkiksi h\u00e4lytys- ja valvontaj\u00e4rjestelmiss\u00e4. Lis\u00e4ksi laitteeseen voidaan yhdist\u00e4\u00e4 jopa nelj\u00e4 lis\u00e4virtapistoketta (slave-yksikk\u00f6\u00e4), jolloin useiden s\u00e4hk\u00f6laitteiden ohjaus onnistuu keskitetysti yhdell\u00e4 keskusyksik\u00f6ll\u00e4 ja SIM-kortilla.<\/p>\n<p>Pistorasiaan voidaan m\u00e4\u00e4ritt\u00e4\u00e4 h\u00e4lytysrajoja kulutuksen ja l\u00e4mp\u00f6tilan perusteella sek\u00e4 hy\u00f6dynt\u00e4\u00e4 ajastettuja tai viiv\u00e4stettyj\u00e4 ohjauskomentoja eri automaatiotarpeisiin. Laite osaa my\u00f6s tuottaa tarkat energianmittausraportit p\u00e4ivitt\u00e4in, viikoittain ja kuukausittain. S460 mukana toimitetaan ulkoinen l\u00e4mp\u00f6tila-anturi, jonka avulla voidaan toteuttaa vaikka automaattinen l\u00e4mmityksen ohjaus ennalta m\u00e4\u00e4ritetyill\u00e4 l\u00e4mp\u00f6tilarajoilla. Lis\u00e4ksi laite ilmoittaa s\u00e4hk\u00f6katkoksista ja niiden palautumisesta reaaliaikaisesti, jolloin k\u00e4ytt\u00e4j\u00e4 voi ryhty\u00e4 toimenpiteisiin nopeasti.<\/p>\n<p>\u00c4lypistorasia toimii kaikilla operaattoreilla ilman dataliittym\u00e4\u00e4 &#8211; puhe- ja tekstiviestipalvelut riitt\u00e4v\u00e4t. Ulkoinen SMA-antenniliit\u00e4nt\u00e4 varmistaa toiminnan my\u00f6s heikon kuuluvuuden alueilla. K\u00e4ytt\u00f6\u00f6notto on helppoa: SIM-kortti asennetaan, puhelinnumero m\u00e4\u00e4ritell\u00e4\u00e4n tekstiviestill\u00e4, ja<br \/>\nohjaus voidaan aloittaa. Et\u00e4ohjaukseen voidaan k\u00e4ytt\u00e4\u00e4 maksutonta GSM Socket -sovellusta (Android\/iOS), joka l\u00e4hett\u00e4\u00e4 komennot automaattisesti oikeassa muodossa.<\/p>\n<p>SimPal S460 t\u00e4ytt\u00e4\u00e4 CE-hyv\u00e4ksynn\u00e4n turvallisuusm\u00e4\u00e4r\u00e4ykset, ja sen kuoret on valmistettu palamattomasta muovista. Sen virrankulutus on eritt\u00e4in alhainen, ja LED-merkkivalot kertovat laitteen tilasta selke\u00e4sti.<\/p>\n<p>Pakkaus sis\u00e4lt\u00e4\u00e4 keskusyksik\u00f6n lis\u00e4ksi pienen l\u00e4mp\u00f6tila-anturin sek\u00e4 englanninkielisen pikaoppaan. Mukana toimitetaan my\u00f6s Elisa Laitenetti SIM-kortti, jonka voi halutessaan helposti aktivoida. Edullinen SIM-kortti on testattu toimivaksi SimPal S460 -tuotteen kanssa, eik\u00e4 se vanhene kuten prepaid-liittym\u00e4t. SIM-kortin PIN-koodikysely on poistettu, joten k\u00e4ytt\u00f6\u00f6notto on mahdollisimman yksinkertainen.<\/p>\n<p><strong>SimPal S460 k\u00e4ytt\u00f6kohteita:<\/strong><br \/>\n\u2022 S\u00e4hk\u00f6nkulutuksen mittaaminen<br \/>\n\u2022 L\u00e4mmityksen et\u00e4k\u00e4ynnistys<br \/>\n\u2022 Ilmastoinnin et\u00e4k\u00e4ynnistys<br \/>\n\u2022 IT-laitteen uudelleenk\u00e4ynnistys (reboot)<br \/>\n\u2022 Kodinkoneen et\u00e4k\u00e4ynnistys<br \/>\n\u2022 Auton l\u00e4mmityksen et\u00e4k\u00e4ynnistys<br \/>\n\u2022 Nurmikon kastelulaitteiden et\u00e4k\u00e4ynnistys<br \/>\n\u2022 Valaistuksen et\u00e4k\u00e4ynnistys<br \/>\n\u2022 H\u00e4lyttimen et\u00e4k\u00e4ynnistys<br \/>\n\u2022 Automaatiolaitteen et\u00e4k\u00e4ynnistys<br \/>\n\u2022 S\u00e4hk\u00f6katkosilmoitukset<br \/>\n\u2022 L\u00e4mp\u00f6tilaperusteinen ohjaus<br \/>\n\u2022 Vesivuoto-, savu- tai ovianturien h\u00e4lytykset<br \/>\n\u2022 Et\u00e4valvonta ja h\u00e4lytysten vastaanotto<br \/>\n\u2022 Useiden pistorasioiden ohjaus<br \/>\n\u2022 Energiankulutuksen h\u00e4lytys<br \/>\n\u2022 Reaaliaikainen kulutusraportointi<\/p>\n<p><strong>Tekniset tiedot:<\/strong><br \/>\n\u2022 Sis\u00e4\u00e4ntulovirta: 110..230VAC \/ 50Hz<br \/>\n\u2022 Jatkuva kytkent\u00e4teho: 16A @ 230VAC (max. 3500W)<br \/>\n\u2022 Hetkellinen kytkent\u00e4teho: 30A @ 230VAC (30 sek.)<br \/>\n\u2022 GSM\/4G-taajuudet: 2G 900\/1800MHz ja LTE<br \/>\n\u2022 Ulkoinen antenni: SMA-liitin<br \/>\n\u2022 SIM-korttipaikka: 1.8\/3V, 15 x 25mm<br \/>\n\u2022 Tukee 5x GSM-puhelinnumeroa<br \/>\n\u2022 Hallinta ja et\u00e4ohjaus: tekstiviesti, puhelu,<br \/>\nmobiilisovellus<br \/>\n\u2022 SMS-ilmoitukset s\u00e4hk\u00f6katkoksista ja palautumisista<br \/>\n\u2022 Viiv\u00e4stetty ja ajastettu ohjaus<br \/>\n\u2022 L\u00e4mp\u00f6tilaperusteinen ohjaus<br \/>\n\u2022 Tuki langattomille antureille ja lis\u00e4virtapistokkeille<br \/>\n\u2022 Energiankulutuksen mittaus: 0-3500W, h\u00e4lytysrajat<br \/>\n\u2022 L\u00e4mp\u00f6tila-anturi: -10..+50C<br \/>\n\u2022 K\u00e4ytt\u00f6l\u00e4mp\u00f6tila: -10..+50C<br \/>\n\u2022 Suhteellinen kosteus: 10..90% (ei kondensoitumista)<br \/>\n\u2022 Merkkivalot: Virta, GSM, rele<br \/>\n\u2022 Virrankulutus: &lt;2W<br \/>\n\u2022 Koko: 125 x 60 x 80mm<br \/>\n\u2022 S\u00e4hk\u00f6numero: 2817812<br \/>\n\u2022 CE-hyv\u00e4ksytty<\/p>\n<p><strong>Lis\u00e4tietolinkit:<\/strong><\/p>\n<ul>\n<li><a href=\"https:\/\/www.simpal.cn\/products\/38-S460-4G-Power-Socket.html\" target=\"_blank\" rel=\"noopener noreferrer\">Valmistajan tuotesivu<\/a><\/li>\n<li><a href=\"https:\/\/drive.microdata.fi\/pdf\/SimPal\/SimPal-S460_datasheet.pdf\" target=\"_blank\" rel=\"noopener noreferrer\">Tuote-esite<\/a><\/li>\n<li><a href=\"https:\/\/drive.microdata.fi\/pdf\/SimPal\/SimPal-S460_manual.pdf\" target=\"_blank\" rel=\"noopener noreferrer\">K\u00e4sikirja (english)<\/a><\/li>\n<li><a href=\"https:\/\/www.sahkonumerot.fi\/2817812\/\" target=\"_blank\" rel=\"noopener noreferrer\">S\u00e4hk\u00f6numero<\/a><\/li>\n<li><a href=\"https:\/\/drive.microdata.fi\/pdf\/SimPal\/SimPal-S460_CE-Certification.pdf\" target=\"_blank\" rel=\"noopener noreferrer\">CE-hyv\u00e4ksynt\u00e4<\/a><\/li>\n<\/ul>\n","protected":false},"excerpt":{"rendered":"<p>SimPal S460 on et\u00e4ohjattava 4G LTE\/GSM-pistorasia virranmittausominaisuuksilla, joka on suunniteltu s\u00e4hk\u00f6laitteiden k\u00e4ynnist\u00e4miseen ja poiskytkemiseen.<\/p>\n","protected":false},"featured_media":6066,"comment_status":"open","ping_status":"closed","template":"","meta":{"om_disable_all_campaigns":false,"_monsterinsights_skip_tracking":false,"_monsterinsights_sitenote_active":false,"_monsterinsights_sitenote_note":"","_monsterinsights_sitenote_category":0,"_uf_show_specific_survey":0,"_uf_disable_surveys":false},"product_brand":[92],"product_cat":[17,35,15],"product_tag":[95,96,82,50,97,98,94,93],"class_list":{"0":"post-6065","1":"product","2":"type-product","3":"status-publish","4":"has-post-thumbnail","6":"product_brand-simpal","7":"product_cat-pistorasiat","8":"product_cat-slider","9":"product_cat-tuotteet","10":"product_tag-4g-pistorasia","11":"product_tag-alypistorasia","12":"product_tag-evergianmittaus","13":"product_tag-gsm-pistorasia","14":"product_tag-iot","15":"product_tag-lampotilavahti","16":"product_tag-lte-pistorasia","17":"product_tag-simpal-s460","19":"first","20":"instock","21":"taxable","22":"shipping-taxable","23":"product-type-simple"},"aioseo_notices":[],"_links":{"self":[{"href":"https:\/\/www.simpal.fi\/index.php\/wp-json\/wp\/v2\/product\/6065","targetHints":{"allow":["GET"]}}],"collection":[{"href":"https:\/\/www.simpal.fi\/index.php\/wp-json\/wp\/v2\/product"}],"about":[{"href":"https:\/\/www.simpal.fi\/index.php\/wp-json\/wp\/v2\/types\/product"}],"replies":[{"embeddable":true,"href":"https:\/\/www.simpal.fi\/index.php\/wp-json\/wp\/v2\/comments?post=6065"}],"wp:featuredmedia":[{"embeddable":true,"href":"https:\/\/www.simpal.fi\/index.php\/wp-json\/wp\/v2\/media\/6066"}],"wp:attachment":[{"href":"https:\/\/www.simpal.fi\/index.php\/wp-json\/wp\/v2\/media?parent=6065"}],"wp:term":[{"taxonomy":"product_brand","embeddable":true,"href":"https:\/\/www.simpal.fi\/index.php\/wp-json\/wp\/v2\/product_brand?post=6065"},{"taxonomy":"product_cat","embeddable":true,"href":"https:\/\/www.simpal.fi\/index.php\/wp-json\/wp\/v2\/product_cat?post=6065"},{"taxonomy":"product_tag","embeddable":true,"href":"https:\/\/www.simpal.fi\/index.php\/wp-json\/wp\/v2\/product_tag?post=6065"}],"curies":[{"name":"wp","href":"https:\/\/api.w.org\/{rel}","templated":true}]}}